) = 15*p**2 - 4. What are the prime factors of c(-2)?
2, 7
Let d(j) = -j + 1 - j + 1. Let y be d(2). Let z = 3 - y. What are the prime factors of z?
5
Let z(m) = -m + 6. Let c = 9 - 2. Let j be z(c). What are the prime factors of -1 + 2 - (j + -11)?
13
Suppose -5*l + 168 = -l. List the prime factors of l.
2, 3, 7
Let r(b) = -b - 1. Let g be r(-1). Suppose -3*t = -g*t - 24. List the prime factors of 63/6*t/6.
2, 7
Let d = 21 - 19. Let n(g) = g**3 + 8*g**2 - 6*g + 4. Let r be n(-7). Suppose 7*w - d*w = r. List the prime factors of w.
19
Let z be 1 + 0 + (4 - 0). Let q(o) = o**2 - 4*o - 1. Let t be q(z). List the prime factors of (8/10)/(t/50).
2, 5
Let v = -4 + 6. Let q = 22 - v. Suppose -5*m + 3*m + q = 0. What are the prime factors of m?
2, 5
Let n(r) be the second derivative of r**4/12 - 5*r**3/6 - 5*r**2 - 29*r. Let f(o) = 8*o**2 + o. Let a be f(-1). List the prime factors of n(a).
2
Let o(n) = -3*n - 5. Suppose -5*v + 5*c - 63 = -18, 45 = -5*v - c. Let r = v - -4. List the prime factors of o(r).
2, 5
Let m(w) = 350*w**2 + 2*w. What are the prime factors of m(-1)?
2, 3, 29
What are the prime factors of 9/6 - (-465)/2?
2, 3, 13
Suppose 0 = -s + 5*q - 27, -q = 5*s + 4*q + 45. Let n be (-30)/s + (-2)/4. Suppose -n*t = -0*t - 22. List the prime factors of t.
11
Suppose k + 3*u = -k + 19, 0 = -k - 3*u + 14. Suppose -3*o - 27 = -k*r - 3, -4*r = -4*o - 24. List the prime factors of 1/(-3) + (-37)/o.
2, 3
Let v(o) = -o**2 + o + 2. Suppose 0 = 3*y + 2*h - 4, 4*y - y = -5*h + 10. Let w be v(y). List the prime factors of (w - 0)*(-9)/(-6).
3
Let u = 6 + 106. List the prime factors of u.
2, 7
Let u = -11 - -22. What are the prime factors of u?
11
What are the prime factors of (-127)/(-4) - (-7)/28?
2
Let v = 43 - 6. What are the prime factors of v?
37
Suppose u = -5*g + 144, -2*u = 3*g + 2*u - 83. List the prime factors of g.
29
Suppose -191 = -l - 4*l - 3*k, 4*l = -3*k + 151. What are the prime factors of l?
2, 5
Let f = 17 + -15. Suppose -5*j - 3*y = -101, j - y + f*y - 19 = 0. List the prime factors of j.
2, 11
What are the prime factors of ((-132)/77)/((-4)/42)?
2, 3
Let d = 3 + 0. Suppose 8*m - d*m = 45. What are the prime factors of m?
3
Suppose 4*h = 3*h + 5. List the prime factors of h.
5
Let c = 7 + -11. What are the prime factors of (c/3)/(8/(-108))?
2, 3
Suppose 0 = 24*n - 19*n + 90. List the prime factors of (8/(-6))/(4/n).
2, 3
Let j(s) = s**3 + 8*s**2 + 2*s. List the prime factors of j(-7).
5, 7
Let n(u) = 2*u + 2. Let p(c) be the second derivative of -c**3/3 - 3*c**2/2 - c. Let l(q) = 6*n(q) + 4*p(q). List the prime factors of l(3).
2, 3
Let p = -37 + 93. What are the prime factors of p?
2, 7
Let q = 117 - -145. What are the prime factors of q?
2, 131
Let t(n) = -n**2 + 8*n + 6. Let a be t(9). Let s be (3 - 9)/(-1 - a). What are the prime factors of 1 + (9 - (-9)/s)?
7
Suppose 4*t = -2*f + 84, 0*f = -t - 4*f + 35. List the prime factors of t.
19
What are the prime factors of 24*30/(-4)*6/(-12)?
2, 3, 5
Let m(w) be the first derivative of -w**4/4 - 2*w**3/3 - 3*w**2/2 - 3*w + 2. List the prime factors of m(-2).
3
Let z(a) = -a**3 + 6*a**2 + a - 2. Let d be z(6). Suppose k - 5*x = -k + 51, -d*x - 46 = -2*k. What are the prime factors of k?
13
Let j = 144 - 80. List the prime factors of j.
2
Suppose -3*u - 6 = 6. List the prime factors of (-1)/u - 47/(-4).
2, 3
Let c be (3 + 2*-1)*2. Let m(v) = 0*v**3 - v - v + 1 + v**c + 5*v**3. List the prime factors of m(1).
5
Let h be ((-6)/9)/(4/(-18)). Suppose 2*y - 157 = -f, -h*f + 120 = 2*y - 31. Suppose 0 = -4*d - d + y. What are the prime factors of d?
2
Let i(n) = n**3 + 2*n**2 - 6*n - 3. List the prime factors of i(5).
2, 71
Let c be 9/(-12) + 45/12. Let x be 3/((-9)/(-4))*39. Suppose -3*d = 5*g - 10, -2*d = -6*d + c*g + x. List the prime factors of d.
2, 5
Let g(o) = o**3 + 13*o**2 - 29*o + 8. What are the prime factors of g(-14)?
2, 109
What are the prime factors of 99 + (3 - -6)/3?
2, 3, 17
Let p(l) be the first derivative of -l**2/2 + 11*l - 1. Suppose 4*a - 11 = 2*f + 9, 0 = 5*f - 4*a + 20. List the prime factors of p(f).
11
Let y be (4/(-2))/((-1)/8). Suppose -4*x = -2*s - 0 + y, -5*s - 5*x + 10 = 0. List the prime factors of s.
2
Suppose -5*y + 10*y = 40. List the prime factors of y.
2
Let h(c) = c**3 + 11*c**2 - 6*c + 22. What are the prime factors of h(-11)?
2, 11
Suppose 63 = -0*f + 3*f. What are the prime factors of 3 + (-3 - -1) + f?
2, 11
Suppose 0 = 50*v - 59*v + 2673. List the prime factors of v.
3, 11
Let n(g) = 4*g - 3. Let d be n(2). Suppose -d*r - 2 - 3 = 0. List the prime factors of 11 - (0 - (-3 - r)).
3
Suppose -2*p + 2*z - z = 7, -z + 1 = 0. Let d be p*(60/9 - 0). Let c = -11 - d. What are the prime factors of c?
3
Let x = 78 + -36. What are the prime factors of x?
2, 3, 7
Suppose -7*u = -9*u + 72. List the prime factors of u.
2, 3
Let s = -461 + 729. What are the prime factors of s?
2, 67
Let y = -11 - -19. Let j = 18 - y. Suppose f + d = 5, 2*d + 2*d = f + j. List the prime factors of f.
2
Let p(s) = -3*s - 49. What are the prime factors of p(-20)?
11
Let x = 8 + -11. What are the prime factors of (-3 - x/2)*-2?
3
Let x(u) = 2*u + 0*u + 2 + 4*u - 5. What are the prime factors of x(3)?
3, 5
Suppose 5*o + 140 = -3*c + 451, -114 = -2*o + 4*c. List the prime factors of o.
61
List the prime factors of (-6 + 4)/(3/(-54)).
2, 3
Let g = -13 - -87. What are the prime factors of g?
2, 37
Let g = 0 + -4. What are the prime factors of -3 + (2 - 0) - g?
3
Let y = -47 + 106. What are the prime factors of y?
59
Let b = 0 + 16. Let c(x) = x**3 + x + 2. Let l be c(-2). Let z = l + b. List the prime factors of z.
2
Let h be 2/5 + 1596/60. What are the prime factors of 0/(2 + -4) + h?
3
What are the prime factors of 9 - -16 - 1/1?
2, 3
Suppose -3*s - 4*c = -14, 3*s + 0*c - 21 = 3*c. What are the prime factors of s?
2, 3
Let g(f) = -f - 15. Let y be g(-7). Let d(v) = 9*v - 2. Let a be d(2). Let h = y + a. What are the prime factors of h?
2
Let h(t) be the first derivative of 3*t**2/2 + t + 6. What are the prime factors of h(2)?
7
Suppose -2*c - 3*x + 53 = -534, 5*c - 1500 = -x. List the prime factors of c.
7, 43
Suppose -3*l + 23 = -43. Let s = 2 + l. What are the prime factors of s?
2, 3
Suppose 2*m - 5*m = -15. Suppose 0 = 2*k - 94 + 30. Suppose m*q - q = k. List the prime factors of q.
2
Let m be (5/2)/(2/32). Suppose 0*b - l = -b + 9, -5*b + m = -4*l. Suppose -w + b = -4. List the prime factors of w.
2
Suppose -k - 4 = 0, 2*k - 477 = -3*b - k. List the prime factors of b.
163
Let v be 3/12 - (-22)/8. Suppose 3*u = -2*a + 80, v*a = -3*u + 7*u + 86. What are the prime factors of a?
2, 17
Let k = -13 - -12. Let z(c) = c**3 - c**2 + 1. Let u(s) = -6*s**3 + s**2 - 2*s - 2. Let m(o) = u(o) + z(o). What are the prime factors of m(k)?
2, 3
Let x(i) = 3*i**2 + 8*i - 1. List the prime factors of x(4).
79
Let m = 11 - 15. Let l = m - -13. List the prime factors of l.
3
Suppose -3*a + 2*a + 4 = 0. Let r = a + -4. Suppose 4*w - 36 = -r*w. List the prime factors of w.
3
Let o be (15/(-12))/((-1)/4). List the prime factors of (-36)/(-10) - (-2)/o.
2
List the prime factors of ((-30)/4)/((-2)/8).
2, 3, 5
Let c(p) = -p**3 - 10*p**2 + 10*p + 3. Let a = -8 + -4. Let f be (-2)/6 - (-128)/a. List the prime factors of c(f).
2, 7
Suppose -2*r - r = -2*u + 109, 5*u - r = 279. Suppose 0 = -3*b + u + 34. List the prime factors of b.
2, 3, 5
Let z be (-2)/3 + 24/9. Suppose -r = z*r - 33. List the prime factors of r.
11
Let v = 18 - 11. List the prime factors of 36/(-2)*(-7)/v.
2, 3
Let d be 42/(-4)*(-3 - -1). Suppose -x = -4*x - 2*a - 34, a = -2*x - d. Let l = x - -13. List the prime factors of l.
5
Suppose -3*c - d + 2*d = 1, c - 2*d + 7 = 0. Suppose -4*v + v + 3*y = -24, 0 = y + c. Let o = v + -1. List the prime factors of o.
2, 3
Let u(i) = 3*i**2 + 8*i - 11. List the prime factors of u(-9).
2, 5
Let u = 41 - 10. What are the prime factors of u?
31
Let n(t) = -5*t**2 + 2*t - 2. Let h(l) = 4*l**2 - 2*l + 2. Let x(v) = -6*h(v) - 5*n(v). What are the prime factors of x(4)?
2, 11
Let n = 379 - 169. List the prime factors of n.
2, 3, 5, 7
Let x = 2 + -44. What are the prime factors of (-1)/(-1 - x/45)?
3, 5
Suppose 0 = 3*v - 10 + 1. What are the prime factors of v?
3
Let b be -1 - (-1 + -3 + -21). Suppose -4*z -